{"id":205,"date":"2021-12-20T07:12:31","date_gmt":"2021-12-20T06:12:31","guid":{"rendered":"http:\/\/www.teamflixecourt80.fr\/gravel\/?page_id=205"},"modified":"2026-04-07T08:51:53","modified_gmt":"2026-04-07T06:51:53","slug":"expert","status":"publish","type":"page","link":"https:\/\/www.teamflixecourt80.fr\/gravel\/?page_id=205","title":{"rendered":"Expert"},"content":{"rendered":"\n<div class=\"wp-block-cover is-light\" style=\"min-height:200px;aspect-ratio:unset;\"><img loading=\"lazy\" decoding=\"async\" width=\"750\" height=\"250\" class=\"wp-block-cover__image-background wp-image-522\" alt=\"\" src=\"https:\/\/www.teamflixecourt80.fr\/gravel\/wp-content\/uploads\/2021\/12\/Expert_marron.png\" data-object-fit=\"cover\" srcset=\"https:\/\/www.teamflixecourt80.fr\/gravel\/wp-content\/uploads\/2021\/12\/Expert_marron.png 750w, https:\/\/www.teamflixecourt80.fr\/gravel\/wp-content\/uploads\/2021\/12\/Expert_marron-300x100.png 300w\" sizes=\"auto, (max-width: 750px) 100vw, 750px\" \/><span aria-hidden=\"true\" class=\"wp-block-cover__background has-background-dim-0 has-background-dim\"><\/span><div class=\"wp-block-cover__inner-container is-layout-flow wp-block-cover-is-layout-flow\">\n<p class=\"has-text-align-center has-large-font-size\"><\/p>\n<\/div><\/div>\n\n\n\n<div class=\"wp-block-group\"><div class=\"wp-block-group__inner-container is-layout-flow wp-block-group-is-layout-flow\">\n<h3 class=\"wp-block-heading has-text-align-center\" id=\"inscriptions-du-14-au-25-fevrier-2022-pour-les-tarifs-preferentiels-inscription-limitee-a-250-participants\"><strong><strong><strong><strong><strong>Inscriptions possibles \u00e0 partir du 15 d\u00e9cembre 2025<\/strong><\/strong><\/strong><\/strong><\/strong><\/h3>\n\n\n<span class='mb-center maxbutton-6-center'><span class='maxbutton-6-container mb-container'><a class=\"maxbutton-6 maxbutton maxbutton-inscription-canceled\" target=\"_blank\" rel=\"noopener\" href=\"https:\/\/www.teamflixecourt80.fr\/gravel\/?page_id=36\"><span class='mb-text'>Annulation !!!<\/span><\/a><\/span><\/span>\n<\/div><\/div>\n\n\n\n<h2 class=\"wp-block-heading\" id=\"uniquement-les-velos-de-gravel-exception-de-cyclocross-sont-acceptes-qu-ils-soient-electriques-ou-non\">Seuls les v\u00e9los de Gravel, de cyclocross et les VTT sont admis, qu\u2019ils soient \u00e9lectriques ou non.<\/h2>\n\n\n\n<h2 class=\"wp-block-heading\" id=\"au-depart-de-flixecourt-nos-experts-emprunteront-le-chemin-du-halage-jusqu-abbeville-pour-aller-chercher-le-cap-hornu-ils-contourneront-la-baie-de-somme-en-passant-par-st-valery-et-le-crotoy-pour-aller-chercher-le-parc-du-marquenterre-ils-iront-chercher-l-abbaye-de-valloire-pour-ensuite-traverser-la-foret-domaniale-de-crecy-en-ponthieu-pour-recuperer-a-st-riquier-la-traverse-du-ponthieu-jusqu-auxi-le-chateau-ils-recuperont-la-citadelle-de-doullens-pour-amorcer-leur-retour-par-bonneville-canaples-et-finir-par-la-vallee-de-la-nievre\">Samedi 08h00 du matin, au d\u00e9part de Flixecourt, nos Experts emprunteront une trace direction Airaines, puis suivront une ancienne le chemin voie ferr\u00e9e pour atteindre Oisemont, puis le ch\u00e2teau de Rambure. Ils rattraperont la vall\u00e9e de la Bresle pour atteindre Mers-les-bains. Sur les hauteurs des falaises, ils rejoindront La pointe du Hourdel. Nos Experts contourneront la baie de Somme en passant par St-Valery pour aller chercher la for\u00eat domaniale de Cr\u00e9cy-en-Ponthieu pour r\u00e9cup\u00e9rer \u00e0 St-Riquier et retour Flixecourt.<\/h2>\n\n\n\n<div class=\"alignnormal\"><div id=\"metaslider-id-585\" style=\"width: 100%; margin: 0 auto;\" class=\"ml-slider-3-107-0 metaslider metaslider-flex metaslider-585 ml-slider has-dots-nav has-carousel-mode ms-theme-cubic\" role=\"region\" aria-label=\"Parcours_Expert\" data-height=\"400\" data-width=\"400\">\n    <div id=\"metaslider_container_585\">\n        <div id=\"metaslider_585\">\n            <ul class='slides'>\n                <li style=\"display: none; width: 100%;\" class=\"slide-586 ms-image \" aria-roledescription=\"slide\" data-date=\"2021-12-29 12:19:37\" data-filename=\"long.png\" data-slide-type=\"image\"><img loading=\"lazy\" decoding=\"async\" width=\"564\" height=\"729\" src=\"https:\/\/www.teamflixecourt80.fr\/gravel\/wp-content\/uploads\/2021\/12\/long.png\" class=\"slider-585 slide-586 msDefaultImage\" alt=\"\" rel=\"\" title=\"long\" srcset=\"https:\/\/www.teamflixecourt80.fr\/gravel\/wp-content\/uploads\/2021\/12\/long.png 564w, https:\/\/www.teamflixecourt80.fr\/gravel\/wp-content\/uploads\/2021\/12\/long-232x300.png 232w\" sizes=\"auto, (max-width: 564px) 100vw, 564px\" \/><\/li>\n                <li style=\"display: none; width: 100%;\" class=\"slide-1298 ms-image \" aria-roledescription=\"slide\" data-date=\"2023-12-01 12:43:55\" data-filename=\"Chateau_de_Rambures_29042023.jpg\" data-slide-type=\"image\"><img loading=\"lazy\" decoding=\"async\" width=\"1920\" height=\"1440\" src=\"https:\/\/www.teamflixecourt80.fr\/gravel\/wp-content\/uploads\/2023\/12\/Chateau_de_Rambures_29042023.jpg\" class=\"slider-585 slide-1298 msDefaultImage\" alt=\"\" rel=\"\" title=\"Ch\u00e2teau_de_Rambures_29042023\" srcset=\"https:\/\/www.teamflixecourt80.fr\/gravel\/wp-content\/uploads\/2023\/12\/Chateau_de_Rambures_29042023.jpg 1920w, https:\/\/www.teamflixecourt80.fr\/gravel\/wp-content\/uploads\/2023\/12\/Chateau_de_Rambures_29042023-300x225.jpg 300w, https:\/\/www.teamflixecourt80.fr\/gravel\/wp-content\/uploads\/2023\/12\/Chateau_de_Rambures_29042023-1024x768.jpg 1024w, https:\/\/www.teamflixecourt80.fr\/gravel\/wp-content\/uploads\/2023\/12\/Chateau_de_Rambures_29042023-768x576.jpg 768w, https:\/\/www.teamflixecourt80.fr\/gravel\/wp-content\/uploads\/2023\/12\/Chateau_de_Rambures_29042023-1536x1152.jpg 1536w\" sizes=\"auto, (max-width: 1920px) 100vw, 1920px\" \/><\/li>\n                <li style=\"display: none; width: 100%;\" class=\"slide-1300 ms-image \" aria-roledescription=\"slide\" data-date=\"2023-12-01 12:45:43\" data-filename=\"1920px-Le_Treport_Falaises_de_Treport_Blick_auf_Mers-les-Bains_3.jpg\" data-slide-type=\"image\"><img loading=\"lazy\" decoding=\"async\" width=\"1920\" height=\"1411\" src=\"https:\/\/www.teamflixecourt80.fr\/gravel\/wp-content\/uploads\/2023\/12\/1920px-Le_Treport_Falaises_de_Treport_Blick_auf_Mers-les-Bains_3.jpg\" class=\"slider-585 slide-1300 msDefaultImage\" alt=\"\" rel=\"\" title=\"1920px-Le_Treport_Falaises_de_Treport_Blick_auf_Mers-les-Bains_3\" srcset=\"https:\/\/www.teamflixecourt80.fr\/gravel\/wp-content\/uploads\/2023\/12\/1920px-Le_Treport_Falaises_de_Treport_Blick_auf_Mers-les-Bains_3.jpg 1920w, https:\/\/www.teamflixecourt80.fr\/gravel\/wp-content\/uploads\/2023\/12\/1920px-Le_Treport_Falaises_de_Treport_Blick_auf_Mers-les-Bains_3-300x220.jpg 300w, https:\/\/www.teamflixecourt80.fr\/gravel\/wp-content\/uploads\/2023\/12\/1920px-Le_Treport_Falaises_de_Treport_Blick_auf_Mers-les-Bains_3-1024x753.jpg 1024w, https:\/\/www.teamflixecourt80.fr\/gravel\/wp-content\/uploads\/2023\/12\/1920px-Le_Treport_Falaises_de_Treport_Blick_auf_Mers-les-Bains_3-768x564.jpg 768w, https:\/\/www.teamflixecourt80.fr\/gravel\/wp-content\/uploads\/2023\/12\/1920px-Le_Treport_Falaises_de_Treport_Blick_auf_Mers-les-Bains_3-1536x1129.jpg 1536w\" sizes=\"auto, (max-width: 1920px) 100vw, 1920px\" \/><\/li>\n                <li style=\"display: none; width: 100%;\" class=\"slide-587 ms-image \" aria-roledescription=\"slide\" data-date=\"2021-12-29 12:19:37\" data-filename=\"Traverse-du-Ponthieu.jpg\" data-slide-type=\"image\"><img loading=\"lazy\" decoding=\"async\" width=\"1075\" height=\"700\" src=\"https:\/\/www.teamflixecourt80.fr\/gravel\/wp-content\/uploads\/2021\/12\/Traverse-du-Ponthieu.jpg\" class=\"slider-585 slide-587 msDefaultImage\" alt=\"\" rel=\"\" title=\"La Traverse-du-Ponthieu\" srcset=\"https:\/\/www.teamflixecourt80.fr\/gravel\/wp-content\/uploads\/2021\/12\/Traverse-du-Ponthieu.jpg 1075w, https:\/\/www.teamflixecourt80.fr\/gravel\/wp-content\/uploads\/2021\/12\/Traverse-du-Ponthieu-300x195.jpg 300w, https:\/\/www.teamflixecourt80.fr\/gravel\/wp-content\/uploads\/2021\/12\/Traverse-du-Ponthieu-1024x667.jpg 1024w, https:\/\/www.teamflixecourt80.fr\/gravel\/wp-content\/uploads\/2021\/12\/Traverse-du-Ponthieu-768x500.jpg 768w\" sizes=\"auto, (max-width: 1075px) 100vw, 1075px\" \/><\/li>\n                <li style=\"display: none; width: 100%;\" class=\"slide-588 ms-image \" aria-roledescription=\"slide\" data-date=\"2021-12-29 12:19:37\" data-filename=\"st_valery.jpg\" data-slide-type=\"image\"><img loading=\"lazy\" decoding=\"async\" width=\"600\" height=\"479\" src=\"https:\/\/www.teamflixecourt80.fr\/gravel\/wp-content\/uploads\/2021\/12\/st_valery.jpg\" class=\"slider-585 slide-588 msDefaultImage\" alt=\"\" rel=\"\" title=\"st_valery\" srcset=\"https:\/\/www.teamflixecourt80.fr\/gravel\/wp-content\/uploads\/2021\/12\/st_valery.jpg 600w, https:\/\/www.teamflixecourt80.fr\/gravel\/wp-content\/uploads\/2021\/12\/st_valery-300x240.jpg 300w\" sizes=\"auto, (max-width: 600px) 100vw, 600px\" \/><\/li>\n                <li style=\"display: none; width: 100%;\" class=\"slide-589 ms-image \" aria-roledescription=\"slide\" data-date=\"2021-12-29 12:19:37\" data-filename=\"25224-210219090533834-0.jpg\" data-slide-type=\"image\"><img loading=\"lazy\" decoding=\"async\" width=\"1280\" height=\"960\" src=\"https:\/\/www.teamflixecourt80.fr\/gravel\/wp-content\/uploads\/2021\/12\/25224-210219090533834-0.jpg\" class=\"slider-585 slide-589 msDefaultImage\" alt=\"\" rel=\"\" title=\"La for\u00eat domanilae de Crecy\" srcset=\"https:\/\/www.teamflixecourt80.fr\/gravel\/wp-content\/uploads\/2021\/12\/25224-210219090533834-0.jpg 1280w, https:\/\/www.teamflixecourt80.fr\/gravel\/wp-content\/uploads\/2021\/12\/25224-210219090533834-0-300x225.jpg 300w, https:\/\/www.teamflixecourt80.fr\/gravel\/wp-content\/uploads\/2021\/12\/25224-210219090533834-0-1024x768.jpg 1024w, https:\/\/www.teamflixecourt80.fr\/gravel\/wp-content\/uploads\/2021\/12\/25224-210219090533834-0-768x576.jpg 768w\" sizes=\"auto, (max-width: 1280px) 100vw, 1280px\" \/><\/li>\n                <li style=\"display: none; width: 100%;\" class=\"slide-590 ms-image \" aria-roledescription=\"slide\" data-date=\"2021-12-29 12:19:37\" data-filename=\"st-riquier.jpg\" data-slide-type=\"image\"><img loading=\"lazy\" decoding=\"async\" width=\"866\" height=\"1080\" src=\"https:\/\/www.teamflixecourt80.fr\/gravel\/wp-content\/uploads\/2021\/12\/st-riquier.jpg\" class=\"slider-585 slide-590 msDefaultImage\" alt=\"\" rel=\"\" title=\"St-riquier\" srcset=\"https:\/\/www.teamflixecourt80.fr\/gravel\/wp-content\/uploads\/2021\/12\/st-riquier.jpg 866w, https:\/\/www.teamflixecourt80.fr\/gravel\/wp-content\/uploads\/2021\/12\/st-riquier-241x300.jpg 241w, https:\/\/www.teamflixecourt80.fr\/gravel\/wp-content\/uploads\/2021\/12\/st-riquier-821x1024.jpg 821w, https:\/\/www.teamflixecourt80.fr\/gravel\/wp-content\/uploads\/2021\/12\/st-riquier-768x958.jpg 768w\" sizes=\"auto, (max-width: 866px) 100vw, 866px\" \/><\/li>\n                <li style=\"display: none; width: 100%;\" class=\"slide-592 ms-image \" aria-roledescription=\"slide\" data-date=\"2021-12-29 12:20:27\" data-filename=\"le_crotoy.jpg\" data-slide-type=\"image\"><img loading=\"lazy\" decoding=\"async\" width=\"1920\" height=\"1079\" src=\"https:\/\/www.teamflixecourt80.fr\/gravel\/wp-content\/uploads\/2021\/12\/le_crotoy.jpg\" class=\"slider-585 slide-592 msDefaultImage\" alt=\"\" rel=\"\" title=\"Le Crotoy\" srcset=\"https:\/\/www.teamflixecourt80.fr\/gravel\/wp-content\/uploads\/2021\/12\/le_crotoy.jpg 1920w, https:\/\/www.teamflixecourt80.fr\/gravel\/wp-content\/uploads\/2021\/12\/le_crotoy-300x169.jpg 300w, https:\/\/www.teamflixecourt80.fr\/gravel\/wp-content\/uploads\/2021\/12\/le_crotoy-1024x575.jpg 1024w, https:\/\/www.teamflixecourt80.fr\/gravel\/wp-content\/uploads\/2021\/12\/le_crotoy-768x432.jpg 768w, https:\/\/www.teamflixecourt80.fr\/gravel\/wp-content\/uploads\/2021\/12\/le_crotoy-1536x863.jpg 1536w\" sizes=\"auto, (max-width: 1920px) 100vw, 1920px\" \/><\/li>\n                <li style=\"display: none; width: 100%;\" class=\"slide-593 ms-image \" aria-roledescription=\"slide\" data-date=\"2021-12-29 12:20:41\" data-filename=\"Amiens_hortillon-scaled.jpg\" data-slide-type=\"image\"><img loading=\"lazy\" decoding=\"async\" width=\"2560\" height=\"1445\" src=\"https:\/\/www.teamflixecourt80.fr\/gravel\/wp-content\/uploads\/2022\/04\/Amiens_hortillon-scaled.jpg\" class=\"slider-585 slide-593 msDefaultImage\" alt=\"\" rel=\"\" title=\"btrhdr\" srcset=\"https:\/\/www.teamflixecourt80.fr\/gravel\/wp-content\/uploads\/2022\/04\/Amiens_hortillon-scaled.jpg 2560w, https:\/\/www.teamflixecourt80.fr\/gravel\/wp-content\/uploads\/2022\/04\/Amiens_hortillon-300x169.jpg 300w, https:\/\/www.teamflixecourt80.fr\/gravel\/wp-content\/uploads\/2022\/04\/Amiens_hortillon-1024x578.jpg 1024w, https:\/\/www.teamflixecourt80.fr\/gravel\/wp-content\/uploads\/2022\/04\/Amiens_hortillon-768x434.jpg 768w, https:\/\/www.teamflixecourt80.fr\/gravel\/wp-content\/uploads\/2022\/04\/Amiens_hortillon-1536x867.jpg 1536w, https:\/\/www.teamflixecourt80.fr\/gravel\/wp-content\/uploads\/2022\/04\/Amiens_hortillon-2048x1156.jpg 2048w\" sizes=\"auto, (max-width: 2560px) 100vw, 2560px\" \/><\/li>\n                <li style=\"display: none; width: 100%;\" class=\"slide-594 ms-image \" aria-roledescription=\"slide\" data-date=\"2021-12-29 12:20:56\" data-filename=\"auxi-le-chateau.jpg\" data-slide-type=\"image\"><img loading=\"lazy\" decoding=\"async\" width=\"1024\" height=\"652\" src=\"https:\/\/www.teamflixecourt80.fr\/gravel\/wp-content\/uploads\/2021\/12\/auxi-le-chateau.jpg\" class=\"slider-585 slide-594 msDefaultImage\" alt=\"\" rel=\"\" title=\"Auxi-le-chateau\" srcset=\"https:\/\/www.teamflixecourt80.fr\/gravel\/wp-content\/uploads\/2021\/12\/auxi-le-chateau.jpg 1024w, https:\/\/www.teamflixecourt80.fr\/gravel\/wp-content\/uploads\/2021\/12\/auxi-le-chateau-300x191.jpg 300w, https:\/\/www.teamflixecourt80.fr\/gravel\/wp-content\/uploads\/2021\/12\/auxi-le-chateau-768x489.jpg 768w\" sizes=\"auto, (max-width: 1024px) 100vw, 1024px\" \/><\/li>\n                <li style=\"display: none; width: 100%;\" class=\"slide-595 ms-image \" aria-roledescription=\"slide\" data-date=\"2021-12-29 12:21:26\" data-filename=\"halage.jpg\" data-slide-type=\"image\"><img loading=\"lazy\" decoding=\"async\" width=\"552\" height=\"414\" src=\"https:\/\/www.teamflixecourt80.fr\/gravel\/wp-content\/uploads\/2022\/04\/halage.jpg\" class=\"slider-585 slide-595 msDefaultImage\" alt=\"\" rel=\"\" title=\"halage\" srcset=\"https:\/\/www.teamflixecourt80.fr\/gravel\/wp-content\/uploads\/2022\/04\/halage.jpg 552w, https:\/\/www.teamflixecourt80.fr\/gravel\/wp-content\/uploads\/2022\/04\/halage-300x225.jpg 300w\" sizes=\"auto, (max-width: 552px) 100vw, 552px\" \/><\/li>\n                <li style=\"display: none; width: 100%;\" class=\"slide-596 ms-image \" aria-roledescription=\"slide\" data-date=\"2021-12-29 12:21:35\" data-filename=\"doullens-somme-france-panneau-annoncant-entree-citadelle-.jpg\" data-slide-type=\"image\"><img loading=\"lazy\" decoding=\"async\" width=\"800\" height=\"595\" src=\"https:\/\/www.teamflixecourt80.fr\/gravel\/wp-content\/uploads\/2021\/12\/doullens-somme-france-panneau-annoncant-entree-citadelle-.jpg\" class=\"slider-585 slide-596 msDefaultImage\" alt=\"\" rel=\"\" title=\"La citadelle de Doullens\" srcset=\"https:\/\/www.teamflixecourt80.fr\/gravel\/wp-content\/uploads\/2021\/12\/doullens-somme-france-panneau-annoncant-entree-citadelle-.jpg 800w, https:\/\/www.teamflixecourt80.fr\/gravel\/wp-content\/uploads\/2021\/12\/doullens-somme-france-panneau-annoncant-entree-citadelle--300x223.jpg 300w, https:\/\/www.teamflixecourt80.fr\/gravel\/wp-content\/uploads\/2021\/12\/doullens-somme-france-panneau-annoncant-entree-citadelle--768x571.jpg 768w\" sizes=\"auto, (max-width: 800px) 100vw, 800px\" \/><\/li>\n            <\/ul>\n        <\/div>\n        \n    <\/div>\n<\/div><\/div>\n","protected":false},"excerpt":{"rendered":"<p>Inscriptions possibles \u00e0 partir du 15 d\u00e9cembre 2025 Seuls les v\u00e9los de Gravel, de cyclocross et les VTT sont admis, qu\u2019ils soient \u00e9lectriques ou non. Samedi 08h00 du matin, au d\u00e9part de Flixecourt, nos Experts emprunteront une trace direction Airaines, puis suivront une ancienne le chemin voie ferr\u00e9e pour atteindre Oisemont, puis le ch\u00e2teau de [&hellip;]<\/p>\n","protected":false},"author":1,"featured_media":0,"parent":0,"menu_order":0,"comment_status":"closed","ping_status":"closed","template":"","meta":{"ocean_post_layout":"","ocean_both_sidebars_style":"","ocean_both_sidebars_content_width":0,"ocean_both_sidebars_sidebars_width":0,"ocean_sidebar":"0","ocean_second_sidebar":"0","ocean_disable_margins":"enable","ocean_add_body_class":"","ocean_shortcode_before_top_bar":"","ocean_shortcode_after_top_bar":"","ocean_shortcode_before_header":"","ocean_shortcode_after_header":"","ocean_has_shortcode":"","ocean_shortcode_after_title":"","ocean_shortcode_before_footer_widgets":"","ocean_shortcode_after_footer_widgets":"","ocean_shortcode_before_footer_bottom":"","ocean_shortcode_after_footer_bottom":"","ocean_display_top_bar":"default","ocean_display_header":"default","ocean_header_style":"","ocean_center_header_left_menu":"0","ocean_custom_header_template":"0","ocean_custom_logo":0,"ocean_custom_retina_logo":0,"ocean_custom_logo_max_width":0,"ocean_custom_logo_tablet_max_width":0,"ocean_custom_logo_mobile_max_width":0,"ocean_custom_logo_max_height":0,"ocean_custom_logo_tablet_max_height":0,"ocean_custom_logo_mobile_max_height":0,"ocean_header_custom_menu":"0","ocean_menu_typo_font_family":"0","ocean_menu_typo_font_subset":"","ocean_menu_typo_font_size":0,"ocean_menu_typo_font_size_tablet":0,"ocean_menu_typo_font_size_mobile":0,"ocean_menu_typo_font_size_unit":"px","ocean_menu_typo_font_weight":"","ocean_menu_typo_font_weight_tablet":"","ocean_menu_typo_font_weight_mobile":"","ocean_menu_typo_transform":"","ocean_menu_typo_transform_tablet":"","ocean_menu_typo_transform_mobile":"","ocean_menu_typo_line_height":0,"ocean_menu_typo_line_height_tablet":0,"ocean_menu_typo_line_height_mobile":0,"ocean_menu_typo_line_height_unit":"","ocean_menu_typo_spacing":0,"ocean_menu_typo_spacing_tablet":0,"ocean_menu_typo_spacing_mobile":0,"ocean_menu_typo_spacing_unit":"","ocean_menu_link_color":"","ocean_menu_link_color_hover":"","ocean_menu_link_color_active":"","ocean_menu_link_background":"","ocean_menu_link_hover_background":"","ocean_menu_link_active_background":"","ocean_menu_social_links_bg":"","ocean_menu_social_hover_links_bg":"","ocean_menu_social_links_color":"","ocean_menu_social_hover_links_color":"","ocean_disable_title":"default","ocean_disable_heading":"default","ocean_post_title":"","ocean_post_subheading":"","ocean_post_title_style":"","ocean_post_title_background_color":"","ocean_post_title_background":0,"ocean_post_title_bg_image_position":"","ocean_post_title_bg_image_attachment":"","ocean_post_title_bg_image_repeat":"","ocean_post_title_bg_image_size":"","ocean_post_title_height":0,"ocean_post_title_bg_overlay":0.5,"ocean_post_title_bg_overlay_color":"","ocean_disable_breadcrumbs":"default","ocean_breadcrumbs_color":"","ocean_breadcrumbs_separator_color":"","ocean_breadcrumbs_links_color":"","ocean_breadcrumbs_links_hover_color":"","ocean_display_footer_widgets":"off","ocean_display_footer_bottom":"off","ocean_custom_footer_template":"0","omw_enable_modal_window":"enable","footnotes":""},"class_list":["post-205","page","type-page","status-publish","hentry","entry"],"_links":{"self":[{"href":"https:\/\/www.teamflixecourt80.fr\/gravel\/index.php?rest_route=\/wp\/v2\/pages\/205","targetHints":{"allow":["GET"]}}],"collection":[{"href":"https:\/\/www.teamflixecourt80.fr\/gravel\/index.php?rest_route=\/wp\/v2\/pages"}],"about":[{"href":"https:\/\/www.teamflixecourt80.fr\/gravel\/index.php?rest_route=\/wp\/v2\/types\/page"}],"author":[{"embeddable":true,"href":"https:\/\/www.teamflixecourt80.fr\/gravel\/index.php?rest_route=\/wp\/v2\/users\/1"}],"replies":[{"embeddable":true,"href":"https:\/\/www.teamflixecourt80.fr\/gravel\/index.php?rest_route=%2Fwp%2Fv2%2Fcomments&post=205"}],"version-history":[{"count":44,"href":"https:\/\/www.teamflixecourt80.fr\/gravel\/index.php?rest_route=\/wp\/v2\/pages\/205\/revisions"}],"predecessor-version":[{"id":1536,"href":"https:\/\/www.teamflixecourt80.fr\/gravel\/index.php?rest_route=\/wp\/v2\/pages\/205\/revisions\/1536"}],"wp:attachment":[{"href":"https:\/\/www.teamflixecourt80.fr\/gravel\/index.php?rest_route=%2Fwp%2Fv2%2Fmedia&parent=205"}],"curies":[{"name":"wp","href":"https:\/\/api.w.org\/{rel}","templated":true}]}}