{"id":234,"date":"2021-12-20T10:17:41","date_gmt":"2021-12-20T09:17:41","guid":{"rendered":"http:\/\/www.teamflixecourt80.fr\/gravel\/?page_id=234"},"modified":"2026-04-07T08:44:33","modified_gmt":"2026-04-07T06:44:33","slug":"programme","status":"publish","type":"page","link":"https:\/\/www.teamflixecourt80.fr\/gravel\/?page_id=234","title":{"rendered":"Programme"},"content":{"rendered":"\n<div class=\"wp-block-cover alignwide is-light has-custom-content-position is-position-bottom-center wp-duotone-unset-1\" style=\"min-height:150px;aspect-ratio:unset;\"><img loading=\"lazy\" decoding=\"async\" width=\"1500\" height=\"318\" class=\"wp-block-cover__image-background wp-image-765\" alt=\"\" src=\"https:\/\/www.teamflixecourt80.fr\/gravel\/wp-content\/uploads\/2022\/01\/banniere_cycliste.png\" data-object-fit=\"cover\" srcset=\"https:\/\/www.teamflixecourt80.fr\/gravel\/wp-content\/uploads\/2022\/01\/banniere_cycliste.png 1500w, https:\/\/www.teamflixecourt80.fr\/gravel\/wp-content\/uploads\/2022\/01\/banniere_cycliste-300x64.png 300w, https:\/\/www.teamflixecourt80.fr\/gravel\/wp-content\/uploads\/2022\/01\/banniere_cycliste-1024x217.png 1024w, https:\/\/www.teamflixecourt80.fr\/gravel\/wp-content\/uploads\/2022\/01\/banniere_cycliste-768x163.png 768w\" sizes=\"auto, (max-width: 1500px) 100vw, 1500px\" \/><span aria-hidden=\"true\" class=\"wp-block-cover__background has-background-dim-20 has-background-dim\"><\/span><div class=\"wp-block-cover__inner-container is-layout-flow wp-block-cover-is-layout-flow\">\n<p class=\"has-text-align-center has-white-color has-text-color\" style=\"font-size:50px\">PROGRAMME<\/p>\n<\/div><\/div>\n\n\n\n<p><\/p>\n\n\n\n<div class=\"wp-block-columns is-layout-flex wp-container-core-columns-is-layout-9d6595d7 wp-block-columns-is-layout-flex\">\n<div class=\"wp-block-column is-layout-flow wp-block-column-is-layout-flow\" style=\"flex-basis:20px\"><\/div>\n\n\n\n<div class=\"wp-block-column is-layout-flow wp-block-column-is-layout-flow\">\n<figure class=\"wp-block-image size-full\"><img loading=\"lazy\" decoding=\"async\" width=\"1159\" height=\"1489\" src=\"https:\/\/www.teamflixecourt80.fr\/gravel\/wp-content\/uploads\/2026\/04\/annulation-gravel_2026.jpg\" alt=\"\" class=\"wp-image-1526\" srcset=\"https:\/\/www.teamflixecourt80.fr\/gravel\/wp-content\/uploads\/2026\/04\/annulation-gravel_2026.jpg 1159w, https:\/\/www.teamflixecourt80.fr\/gravel\/wp-content\/uploads\/2026\/04\/annulation-gravel_2026-234x300.jpg 234w, https:\/\/www.teamflixecourt80.fr\/gravel\/wp-content\/uploads\/2026\/04\/annulation-gravel_2026-797x1024.jpg 797w, https:\/\/www.teamflixecourt80.fr\/gravel\/wp-content\/uploads\/2026\/04\/annulation-gravel_2026-768x987.jpg 768w\" sizes=\"auto, (max-width: 1159px) 100vw, 1159px\" \/><figcaption class=\"wp-element-caption\">Screenshot<\/figcaption><\/figure>\n<\/div>\n\n\n\n<div class=\"wp-block-column is-layout-flow wp-block-column-is-layout-flow\" style=\"flex-basis:5px\"><\/div>\n\n\n\n<div class=\"wp-block-column is-layout-flow wp-block-column-is-layout-flow\" style=\"flex-basis:50%\">\n<div class=\"wp-block-group\"><div class=\"wp-block-group__inner-container is-layout-flow wp-block-group-is-layout-flow\">\n<h1 class=\"wp-block-heading\" id=\"samedi-25-juin-2022\">Samedi 27 juin 2026<\/h1>\n\n\n\n<h5 class=\"wp-block-heading\" id=\"6h30-7h30-retrait-des-dossards\"> <i class=\"far fa-address-card\"><\/i>  6h30 &#8211; 7h30 Retrait des dossards Experts, Sportifs et Rookies<\/h5>\n\n\n\n<h3 class=\"wp-block-heading\" id=\"8h depart-de-nos-experts\"><i class=\"fas fa-biking\"><\/i> 8h D\u00e9part de nos Experts &#8211; 200Km &#8211; 12h max<\/h3>\n\n\n\n<h3 class=\"wp-block-heading\" id=\"8h30 depart-de-nos-experts\"><i class=\"fas fa-biking\"><\/i> 8h30 D\u00e9part de nos Sportifs &#8211; 150Km &#8211; 10h max<\/h3>\n\n\n\n<h3 class=\"wp-block-heading\" id=\"9h depart-de-nos-rookies\"><i class=\"fas fa-biking\"><\/i> 9h D\u00e9part de nos Rookies &#8211; 75Km &#8211; 6h max<\/h3>\n\n\n\n<h5 class=\"wp-block-heading\" id=\"12h30-13h30-retrait-des-dossards\"> <i class=\"far fa-address-card\"><\/i>  12h30 &#8211; 13h30 Retrait des dossards Experts +<\/h5>\n\n\n\n<h3 class=\"wp-block-heading\" id=\"14h-depart-de-nos-experts\"> <i class=\"fas fa-biking\"><\/i>  14h D\u00e9part de nos experts + &#8211; 350Km &#8211; 24h max<\/h3>\n\n\n\n<h3 class=\"wp-block-heading\" id=\"a-partir-18h30-accueil-de-nos-finishers\"> <i class=\"fas fa-child\"><\/i>  \u00e0 partir 18h30 Accueil de nos Finishers<\/h3>\n\n\n\n<h3 class=\"wp-block-heading\" id=\"19h-repas-animations-musicales\"><i class=\"fas fa-glass-cheers\"><\/i> Restauration continue + <i class=\"fas fa-music\"><\/i> animations musicales<\/h3>\n\n\n\n<hr class=\"wp-block-separator has-alpha-channel-opacity\"\/>\n\n\n\n<h1 class=\"wp-block-heading\" id=\"samedi-25-juin-2022\">Dimanche 28 juin 2026<\/h1>\n\n\n\n<h5 class=\"wp-block-heading\" id=\"7h-8h-retrait-des-dossards\"> <i class=\"far fa-address-card\"><\/i>  7h &#8211; 8h Retrait des dossards Rookies<\/h5>\n\n\n\n<h3 class=\"wp-block-heading\" id=\"8h30-depart-de-nos-experts\"> 8h30 D\u00e9part de nos Rookies &#8211; 75Km &#8211; 6h max<\/h3>\n\n\n\n<h3 class=\"wp-block-heading\" id=\"a-partir-18h30-accueil-de-nos-finishers\"> <i class=\"fas fa-child\"><\/i>  Retour et Accueil de nos Finishers<\/h3>\n\n\n\n<h3 class=\"wp-block-heading\" id=\"16h-cloture-de-la-journee\"> <i class=\"fas fa-walking\"><\/i>  16h cl\u00f4ture de la journ\u00e9e<\/h3>\n<\/div><\/div>\n<\/div>\n<\/div>\n\n\n\n<p><\/p>\n","protected":false},"excerpt":{"rendered":"<p>Samedi 27 juin 2026 6h30 &#8211; 7h30 Retrait des dossards Experts, Sportifs et Rookies 8h D\u00e9part de nos Experts &#8211; 200Km &#8211; 12h max 8h30 D\u00e9part de nos Sportifs &#8211; 150Km &#8211; 10h max 9h D\u00e9part de nos Rookies &#8211; 75Km &#8211; 6h max 12h30 &#8211; 13h30 Retrait des dossards Experts + 14h D\u00e9part de [&hellip;]<\/p>\n","protected":false},"author":1,"featured_media":0,"parent":0,"menu_order":0,"comment_status":"closed","ping_status":"closed","template":"","meta":{"ocean_post_layout":"","ocean_both_sidebars_style":"","ocean_both_sidebars_content_width":0,"ocean_both_sidebars_sidebars_width":0,"ocean_sidebar":"0","ocean_second_sidebar":"0","ocean_disable_margins":"enable","ocean_add_body_class":"","ocean_shortcode_before_top_bar":"","ocean_shortcode_after_top_bar":"","ocean_shortcode_before_header":"","ocean_shortcode_after_header":"","ocean_has_shortcode":"","ocean_shortcode_after_title":"","ocean_shortcode_before_footer_widgets":"","ocean_shortcode_after_footer_widgets":"","ocean_shortcode_before_footer_bottom":"","ocean_shortcode_after_footer_bottom":"","ocean_display_top_bar":"default","ocean_display_header":"default","ocean_header_style":"","ocean_center_header_left_menu":"0","ocean_custom_header_template":"0","ocean_custom_logo":0,"ocean_custom_retina_logo":0,"ocean_custom_logo_max_width":0,"ocean_custom_logo_tablet_max_width":0,"ocean_custom_logo_mobile_max_width":0,"ocean_custom_logo_max_height":0,"ocean_custom_logo_tablet_max_height":0,"ocean_custom_logo_mobile_max_height":0,"ocean_header_custom_menu":"0","ocean_menu_typo_font_family":"0","ocean_menu_typo_font_subset":"","ocean_menu_typo_font_size":0,"ocean_menu_typo_font_size_tablet":0,"ocean_menu_typo_font_size_mobile":0,"ocean_menu_typo_font_size_unit":"px","ocean_menu_typo_font_weight":"","ocean_menu_typo_font_weight_tablet":"","ocean_menu_typo_font_weight_mobile":"","ocean_menu_typo_transform":"","ocean_menu_typo_transform_tablet":"","ocean_menu_typo_transform_mobile":"","ocean_menu_typo_line_height":0,"ocean_menu_typo_line_height_tablet":0,"ocean_menu_typo_line_height_mobile":0,"ocean_menu_typo_line_height_unit":"","ocean_menu_typo_spacing":0,"ocean_menu_typo_spacing_tablet":0,"ocean_menu_typo_spacing_mobile":0,"ocean_menu_typo_spacing_unit":"","ocean_menu_link_color":"","ocean_menu_link_color_hover":"","ocean_menu_link_color_active":"","ocean_menu_link_background":"","ocean_menu_link_hover_background":"","ocean_menu_link_active_background":"","ocean_menu_social_links_bg":"","ocean_menu_social_hover_links_bg":"","ocean_menu_social_links_color":"","ocean_menu_social_hover_links_color":"","ocean_disable_title":"default","ocean_disable_heading":"default","ocean_post_title":"","ocean_post_subheading":"","ocean_post_title_style":"","ocean_post_title_background_color":"","ocean_post_title_background":0,"ocean_post_title_bg_image_position":"","ocean_post_title_bg_image_attachment":"","ocean_post_title_bg_image_repeat":"","ocean_post_title_bg_image_size":"","ocean_post_title_height":0,"ocean_post_title_bg_overlay":0.5,"ocean_post_title_bg_overlay_color":"","ocean_disable_breadcrumbs":"default","ocean_breadcrumbs_color":"","ocean_breadcrumbs_separator_color":"","ocean_breadcrumbs_links_color":"","ocean_breadcrumbs_links_hover_color":"","ocean_display_footer_widgets":"off","ocean_display_footer_bottom":"off","ocean_custom_footer_template":"0","omw_enable_modal_window":"enable","footnotes":""},"class_list":["post-234","page","type-page","status-publish","hentry","entry"],"_links":{"self":[{"href":"https:\/\/www.teamflixecourt80.fr\/gravel\/index.php?rest_route=\/wp\/v2\/pages\/234","targetHints":{"allow":["GET"]}}],"collection":[{"href":"https:\/\/www.teamflixecourt80.fr\/gravel\/index.php?rest_route=\/wp\/v2\/pages"}],"about":[{"href":"https:\/\/www.teamflixecourt80.fr\/gravel\/index.php?rest_route=\/wp\/v2\/types\/page"}],"author":[{"embeddable":true,"href":"https:\/\/www.teamflixecourt80.fr\/gravel\/index.php?rest_route=\/wp\/v2\/users\/1"}],"replies":[{"embeddable":true,"href":"https:\/\/www.teamflixecourt80.fr\/gravel\/index.php?rest_route=%2Fwp%2Fv2%2Fcomments&post=234"}],"version-history":[{"count":46,"href":"https:\/\/www.teamflixecourt80.fr\/gravel\/index.php?rest_route=\/wp\/v2\/pages\/234\/revisions"}],"predecessor-version":[{"id":1529,"href":"https:\/\/www.teamflixecourt80.fr\/gravel\/index.php?rest_route=\/wp\/v2\/pages\/234\/revisions\/1529"}],"wp:attachment":[{"href":"https:\/\/www.teamflixecourt80.fr\/gravel\/index.php?rest_route=%2Fwp%2Fv2%2Fmedia&parent=234"}],"curies":[{"name":"wp","href":"https:\/\/api.w.org\/{rel}","templated":true}]}}